{"id":25261,"date":"2020-11-02T14:10:22","date_gmt":"2020-11-02T13:10:22","guid":{"rendered":"https:\/\/www.cgfl.fr\/?post_type=medecin&#038;p=25261"},"modified":"2025-10-09T14:07:28","modified_gmt":"2025-10-09T12:07:28","slug":"amet-alix","status":"publish","type":"annuaire","link":"https:\/\/www.cgfl.fr\/en\/annuaire\/amet-alix\/","title":{"rendered":"Amet Alix"},"content":{"rendered":"\n<p>Le Docteur Alix Amet, chirurgien des Centres de Lutte Contre le Cancer, fait partie de l\u2019\u00e9quipe de chirurgie oncologique du Centres George Fran\u00e7ois Leclerc (CGFL). Elle vous accueille au sein de l\u2019\u00e9quipe pluridisciplinaire sp\u00e9cialis\u00e9e dans la prise en charge des cancers du sein, cancers gyn\u00e9cologiques et des cancers de l\u2019ovaire.<\/p>\n\n\n\n<p>Le CGFL fait partie des 18 Centres de Lutte contre le Cancer en France, du groupe UNICANCER. \u00c0 but non lucratif et reconnu d\u2019utilit\u00e9 publique, il ne pratique aucun d\u00e9passement d\u2019honoraires et propose une m\u00e9decine personnalis\u00e9e fond\u00e9e sur la pluridisciplinarit\u00e9 et l\u2019acc\u00e8s \u00e0 l\u2019innovation.<\/p>\n","protected":false},"featured_media":30383,"template":"","meta":{"_acf_changed":true},"personnel":[27],"service":[33],"fonction":[314,247],"class_list":["post-25261","annuaire","type-annuaire","status-publish","has-post-thumbnail","hentry","personnel-medecin","service-chirurgie","fonction-chirurgien-gynecologue","fonction-chirurgien-senologue"],"acf":[],"yoast_head":"<!-- This site is optimized with the Yoast SEO plugin v26.1 - https:\/\/yoast.com\/wordpress\/plugins\/seo\/ -->\n<title>Amet Alix ~ Centre Georges-Fran\u00e7ois Leclerc<\/title>\n<meta name=\"robots\" content=\"index, follow, max-snippet:-1, max-image-preview:large, max-video-preview:-1\" \/>\n<link rel=\"canonical\" href=\"https:\/\/www.cgfl.fr\/en\/annuaire\/amet-alix\/\" \/>\n<meta property=\"og:locale\" content=\"en_US\" \/>\n<meta property=\"og:type\" content=\"article\" \/>\n<meta property=\"og:title\" content=\"Amet Alix ~ Centre Georges-Fran\u00e7ois Leclerc\" \/>\n<meta property=\"og:description\" content=\"Le Docteur Alix Amet, chirurgien des Centres de Lutte Contre le Cancer, fait partie de l\u2019\u00e9quipe de chirurgie oncologique du [&hellip;]\" \/>\n<meta property=\"og:url\" content=\"https:\/\/www.cgfl.fr\/en\/annuaire\/amet-alix\/\" \/>\n<meta property=\"og:site_name\" content=\"Centre Georges-Fran\u00e7ois Leclerc\" \/>\n<meta property=\"article:publisher\" content=\"https:\/\/www.facebook.com\/CGFLDijon\/\" \/>\n<meta property=\"article:modified_time\" content=\"2025-10-09T12:07:28+00:00\" \/>\n<meta property=\"og:image\" content=\"https:\/\/www.cgfl.fr\/content\/uploads\/2025\/06\/Dr-Alix-Amet.jpg\" \/>\n\t<meta property=\"og:image:width\" content=\"1000\" \/>\n\t<meta property=\"og:image:height\" content=\"1000\" \/>\n\t<meta property=\"og:image:type\" content=\"image\/jpeg\" \/>\n<meta name=\"twitter:card\" content=\"summary_large_image\" \/>\n<meta name=\"twitter:site\" content=\"@CGFL_Dijon\" \/>\n<meta name=\"twitter:label1\" content=\"Est. reading time\" \/>\n\t<meta name=\"twitter:data1\" content=\"1 minute\" \/>\n<script type=\"application\/ld+json\" class=\"yoast-schema-graph\">{\"@context\":\"https:\/\/schema.org\",\"@graph\":[{\"@type\":\"WebPage\",\"@id\":\"https:\/\/www.cgfl.fr\/en\/annuaire\/amet-alix\/\",\"url\":\"https:\/\/www.cgfl.fr\/en\/annuaire\/amet-alix\/\",\"name\":\"Amet Alix ~ Centre Georges-Fran\u00e7ois Leclerc\",\"isPartOf\":{\"@id\":\"https:\/\/www.cgfl.fr\/en\/#website\"},\"primaryImageOfPage\":{\"@id\":\"https:\/\/www.cgfl.fr\/en\/annuaire\/amet-alix\/#primaryimage\"},\"image\":{\"@id\":\"https:\/\/www.cgfl.fr\/en\/annuaire\/amet-alix\/#primaryimage\"},\"thumbnailUrl\":\"https:\/\/www.cgfl.fr\/content\/uploads\/2025\/06\/Dr-Alix-Amet.jpg\",\"datePublished\":\"2020-11-02T13:10:22+00:00\",\"dateModified\":\"2025-10-09T12:07:28+00:00\",\"breadcrumb\":{\"@id\":\"https:\/\/www.cgfl.fr\/en\/annuaire\/amet-alix\/#breadcrumb\"},\"inLanguage\":\"en-US\",\"potentialAction\":[{\"@type\":\"ReadAction\",\"target\":[\"https:\/\/www.cgfl.fr\/en\/annuaire\/amet-alix\/\"]}]},{\"@type\":\"ImageObject\",\"inLanguage\":\"en-US\",\"@id\":\"https:\/\/www.cgfl.fr\/en\/annuaire\/amet-alix\/#primaryimage\",\"url\":\"https:\/\/www.cgfl.fr\/content\/uploads\/2025\/06\/Dr-Alix-Amet.jpg\",\"contentUrl\":\"https:\/\/www.cgfl.fr\/content\/uploads\/2025\/06\/Dr-Alix-Amet.jpg\",\"width\":1000,\"height\":1000},{\"@type\":\"BreadcrumbList\",\"@id\":\"https:\/\/www.cgfl.fr\/en\/annuaire\/amet-alix\/#breadcrumb\",\"itemListElement\":[{\"@type\":\"ListItem\",\"position\":1,\"name\":\"Homepage\",\"item\":\"https:\/\/www.cgfl.fr\/en\/\"},{\"@type\":\"ListItem\",\"position\":2,\"name\":\"Annuaire\",\"item\":\"https:\/\/www.cgfl.fr\/en\/annuaire\/\"},{\"@type\":\"ListItem\",\"position\":3,\"name\":\"Amet Alix\"}]},{\"@type\":\"WebSite\",\"@id\":\"https:\/\/www.cgfl.fr\/en\/#website\",\"url\":\"https:\/\/www.cgfl.fr\/en\/\",\"name\":\"Centre Georges-Fran\u00e7ois Leclerc Dijon\",\"description\":\"Ensemble, d\u00e9passons le cancer\",\"publisher\":{\"@id\":\"https:\/\/www.cgfl.fr\/en\/#organization\"},\"alternateName\":\"CGFL Dijon\",\"potentialAction\":[{\"@type\":\"SearchAction\",\"target\":{\"@type\":\"EntryPoint\",\"urlTemplate\":\"https:\/\/www.cgfl.fr\/en\/?s={search_term_string}\"},\"query-input\":{\"@type\":\"PropertyValueSpecification\",\"valueRequired\":true,\"valueName\":\"search_term_string\"}}],\"inLanguage\":\"en-US\"},{\"@type\":\"Organization\",\"@id\":\"https:\/\/www.cgfl.fr\/en\/#organization\",\"name\":\"Centre Georges-Fran\u00e7ois Leclerc\",\"alternateName\":\"CGFL\",\"url\":\"https:\/\/www.cgfl.fr\/en\/\",\"logo\":{\"@type\":\"ImageObject\",\"inLanguage\":\"en-US\",\"@id\":\"https:\/\/www.cgfl.fr\/en\/#\/schema\/logo\/image\/\",\"url\":\"https:\/\/www.cgfl.fr\/content\/uploads\/2024\/07\/logo-cgfl.svg\",\"contentUrl\":\"https:\/\/www.cgfl.fr\/content\/uploads\/2024\/07\/logo-cgfl.svg\",\"caption\":\"Centre Georges-Fran\u00e7ois Leclerc\"},\"image\":{\"@id\":\"https:\/\/www.cgfl.fr\/en\/#\/schema\/logo\/image\/\"},\"sameAs\":[\"https:\/\/www.facebook.com\/CGFLDijon\/\",\"https:\/\/x.com\/CGFL_Dijon\",\"https:\/\/fr.linkedin.com\/company\/centre-georges-francois-leclerc\",\"https:\/\/www.youtube.com\/channel\/UCHKZh_hzGmmLUX7_zIHEeLw\"]}]}<\/script>\n<!-- \/ Yoast SEO plugin. -->","yoast_head_json":{"title":"Amet Alix ~ Centre Georges-Fran\u00e7ois Leclerc","robots":{"index":"index","follow":"follow","max-snippet":"max-snippet:-1","max-image-preview":"max-image-preview:large","max-video-preview":"max-video-preview:-1"},"canonical":"https:\/\/www.cgfl.fr\/en\/annuaire\/amet-alix\/","og_locale":"en_US","og_type":"article","og_title":"Amet Alix ~ Centre Georges-Fran\u00e7ois Leclerc","og_description":"Le Docteur Alix Amet, chirurgien des Centres de Lutte Contre le Cancer, fait partie de l\u2019\u00e9quipe de chirurgie oncologique du [&hellip;]","og_url":"https:\/\/www.cgfl.fr\/en\/annuaire\/amet-alix\/","og_site_name":"Centre Georges-Fran\u00e7ois Leclerc","article_publisher":"https:\/\/www.facebook.com\/CGFLDijon\/","article_modified_time":"2025-10-09T12:07:28+00:00","og_image":[{"width":1000,"height":1000,"url":"https:\/\/www.cgfl.fr\/content\/uploads\/2025\/06\/Dr-Alix-Amet.jpg","type":"image\/jpeg"}],"twitter_card":"summary_large_image","twitter_site":"@CGFL_Dijon","twitter_misc":{"Est. reading time":"1 minute"},"schema":{"@context":"https:\/\/schema.org","@graph":[{"@type":"WebPage","@id":"https:\/\/www.cgfl.fr\/en\/annuaire\/amet-alix\/","url":"https:\/\/www.cgfl.fr\/en\/annuaire\/amet-alix\/","name":"Amet Alix ~ Centre Georges-Fran\u00e7ois Leclerc","isPartOf":{"@id":"https:\/\/www.cgfl.fr\/en\/#website"},"primaryImageOfPage":{"@id":"https:\/\/www.cgfl.fr\/en\/annuaire\/amet-alix\/#primaryimage"},"image":{"@id":"https:\/\/www.cgfl.fr\/en\/annuaire\/amet-alix\/#primaryimage"},"thumbnailUrl":"https:\/\/www.cgfl.fr\/content\/uploads\/2025\/06\/Dr-Alix-Amet.jpg","datePublished":"2020-11-02T13:10:22+00:00","dateModified":"2025-10-09T12:07:28+00:00","breadcrumb":{"@id":"https:\/\/www.cgfl.fr\/en\/annuaire\/amet-alix\/#breadcrumb"},"inLanguage":"en-US","potentialAction":[{"@type":"ReadAction","target":["https:\/\/www.cgfl.fr\/en\/annuaire\/amet-alix\/"]}]},{"@type":"ImageObject","inLanguage":"en-US","@id":"https:\/\/www.cgfl.fr\/en\/annuaire\/amet-alix\/#primaryimage","url":"https:\/\/www.cgfl.fr\/content\/uploads\/2025\/06\/Dr-Alix-Amet.jpg","contentUrl":"https:\/\/www.cgfl.fr\/content\/uploads\/2025\/06\/Dr-Alix-Amet.jpg","width":1000,"height":1000},{"@type":"BreadcrumbList","@id":"https:\/\/www.cgfl.fr\/en\/annuaire\/amet-alix\/#breadcrumb","itemListElement":[{"@type":"ListItem","position":1,"name":"Homepage","item":"https:\/\/www.cgfl.fr\/en\/"},{"@type":"ListItem","position":2,"name":"Annuaire","item":"https:\/\/www.cgfl.fr\/en\/annuaire\/"},{"@type":"ListItem","position":3,"name":"Amet Alix"}]},{"@type":"WebSite","@id":"https:\/\/www.cgfl.fr\/en\/#website","url":"https:\/\/www.cgfl.fr\/en\/","name":"Centre Georges-Fran\u00e7ois Leclerc Dijon","description":"Ensemble, d\u00e9passons le cancer","publisher":{"@id":"https:\/\/www.cgfl.fr\/en\/#organization"},"alternateName":"CGFL Dijon","potentialAction":[{"@type":"SearchAction","target":{"@type":"EntryPoint","urlTemplate":"https:\/\/www.cgfl.fr\/en\/?s={search_term_string}"},"query-input":{"@type":"PropertyValueSpecification","valueRequired":true,"valueName":"search_term_string"}}],"inLanguage":"en-US"},{"@type":"Organization","@id":"https:\/\/www.cgfl.fr\/en\/#organization","name":"Centre Georges-Fran\u00e7ois Leclerc","alternateName":"CGFL","url":"https:\/\/www.cgfl.fr\/en\/","logo":{"@type":"ImageObject","inLanguage":"en-US","@id":"https:\/\/www.cgfl.fr\/en\/#\/schema\/logo\/image\/","url":"https:\/\/www.cgfl.fr\/content\/uploads\/2024\/07\/logo-cgfl.svg","contentUrl":"https:\/\/www.cgfl.fr\/content\/uploads\/2024\/07\/logo-cgfl.svg","caption":"Centre Georges-Fran\u00e7ois Leclerc"},"image":{"@id":"https:\/\/www.cgfl.fr\/en\/#\/schema\/logo\/image\/"},"sameAs":["https:\/\/www.facebook.com\/CGFLDijon\/","https:\/\/x.com\/CGFL_Dijon","https:\/\/fr.linkedin.com\/company\/centre-georges-francois-leclerc","https:\/\/www.youtube.com\/channel\/UCHKZh_hzGmmLUX7_zIHEeLw"]}]}},"post_mailing_queue_ids":[],"_links":{"self":[{"href":"https:\/\/www.cgfl.fr\/en\/wp-json\/wp\/v2\/annuaire\/25261","targetHints":{"allow":["GET"]}}],"collection":[{"href":"https:\/\/www.cgfl.fr\/en\/wp-json\/wp\/v2\/annuaire"}],"about":[{"href":"https:\/\/www.cgfl.fr\/en\/wp-json\/wp\/v2\/types\/annuaire"}],"wp:featuredmedia":[{"embeddable":true,"href":"https:\/\/www.cgfl.fr\/en\/wp-json\/wp\/v2\/media\/30383"}],"wp:attachment":[{"href":"https:\/\/www.cgfl.fr\/en\/wp-json\/wp\/v2\/media?parent=25261"}],"wp:term":[{"taxonomy":"personnel","embeddable":true,"href":"https:\/\/www.cgfl.fr\/en\/wp-json\/wp\/v2\/personnel?post=25261"},{"taxonomy":"service","embeddable":true,"href":"https:\/\/www.cgfl.fr\/en\/wp-json\/wp\/v2\/service?post=25261"},{"taxonomy":"fonction","embeddable":true,"href":"https:\/\/www.cgfl.fr\/en\/wp-json\/wp\/v2\/fonction?post=25261"}],"curies":[{"name":"wp","href":"https:\/\/api.w.org\/{rel}","templated":true}]}}

<p>Le Docteur Alix Amet, chirurgien des Centres de Lutte Contre le Cancer, fait partie de l’équipe de chirurgie oncologique du Centres George François Leclerc (CGFL). Elle vous accueille au sein de l’équipe pluridisciplinaire spécialisée dans la prise en charge des cancers du sein, cancers gynécologiques et des cancers de l’ovaire.</p>



<p>Le CGFL fait partie des 18 Centres de Lutte contre le Cancer en France, du groupe UNICANCER. À but non lucratif et reconnu d’utilité publique, il ne pratique aucun dépassement d’honoraires et propose une médecine personnalisée fondée sur la pluridisciplinarité et l’accès à l’innovation.</p>

<!-- This site is optimized with the Yoast SEO plugin v26.1 - https://yoast.com/wordpress/plugins/seo/ -->
<title>Amet Alix ~ Centre Georges-François Leclerc</title>
<meta name="robots" content="index, follow, max-snippet:-1, max-image-preview:large, max-video-preview:-1" />
<link rel="canonical" href="https://www.cgfl.fr/en/annuaire/amet-alix/" />
<meta property="og:locale" content="en_US" />
<meta property="og:type" content="article" />
<meta property="og:title" content="Amet Alix ~ Centre Georges-François Leclerc" />
<meta property="og:description" content="Le Docteur Alix Amet, chirurgien des Centres de Lutte Contre le Cancer, fait partie de l’équipe de chirurgie oncologique du [&hellip;]" />
<meta property="og:url" content="https://www.cgfl.fr/en/annuaire/amet-alix/" />
<meta property="og:site_name" content="Centre Georges-François Leclerc" />
<meta property="article:publisher" content="https://www.facebook.com/CGFLDijon/" />
<meta property="article:modified_time" content="2025-10-09T12:07:28+00:00" />
<meta property="og:image" content="https://www.cgfl.fr/content/uploads/2025/06/Dr-Alix-Amet.jpg" />
	<meta property="og:image:width" content="1000" />
	<meta property="og:image:height" content="1000" />
	<meta property="og:image:type" content="image/jpeg" />
<meta name="twitter:card" content="summary_large_image" />
<meta name="twitter:site" content="@CGFL_Dijon" />
<meta name="twitter:label1" content="Est. reading time" />
	<meta name="twitter:data1" content="1 minute" />
<script type="application/ld+json" class="yoast-schema-graph">{"@context":"https://schema.org","@graph":[{"@type":"WebPage","@id":"https://www.cgfl.fr/en/annuaire/amet-alix/","url":"https://www.cgfl.fr/en/annuaire/amet-alix/","name":"Amet Alix ~ Centre Georges-François Leclerc","isPartOf":{"@id":"https://www.cgfl.fr/en/#website"},"primaryImageOfPage":{"@id":"https://www.cgfl.fr/en/annuaire/amet-alix/#primaryimage"},"image":{"@id":"https://www.cgfl.fr/en/annuaire/amet-alix/#primaryimage"},"thumbnailUrl":"https://www.cgfl.fr/content/uploads/2025/06/Dr-Alix-Amet.jpg","datePublished":"2020-11-02T13:10:22+00:00","dateModified":"2025-10-09T12:07:28+00:00","breadcrumb":{"@id":"https://www.cgfl.fr/en/annuaire/amet-alix/#breadcrumb"},"inLanguage":"en-US","potentialAction":[{"@type":"ReadAction","target":["https://www.cgfl.fr/en/annuaire/amet-alix/"]}]},{"@type":"ImageObject","inLanguage":"en-US","@id":"https://www.cgfl.fr/en/annuaire/amet-alix/#primaryimage","url":"https://www.cgfl.fr/content/uploads/2025/06/Dr-Alix-Amet.jpg","contentUrl":"https://www.cgfl.fr/content/uploads/2025/06/Dr-Alix-Amet.jpg","width":1000,"height":1000},{"@type":"BreadcrumbList","@id":"https://www.cgfl.fr/en/annuaire/amet-alix/#breadcrumb","itemListElement":[{"@type":"ListItem","position":1,"name":"Homepage","item":"https://www.cgfl.fr/en/"},{"@type":"ListItem","position":2,"name":"Annuaire","item":"https://www.cgfl.fr/en/annuaire/"},{"@type":"ListItem","position":3,"name":"Amet Alix"}]},{"@type":"WebSite","@id":"https://www.cgfl.fr/en/#website","url":"https://www.cgfl.fr/en/","name":"Centre Georges-François Leclerc Dijon","description":"Ensemble, dépassons le cancer","publisher":{"@id":"https://www.cgfl.fr/en/#organization"},"alternateName":"CGFL Dijon","potentialAction":[{"@type":"SearchAction","target":{"@type":"EntryPoint","urlTemplate":"https://www.cgfl.fr/en/?s={search_term_string}"},"query-input":{"@type":"PropertyValueSpecification","valueRequired":true,"valueName":"search_term_string"}}],"inLanguage":"en-US"},{"@type":"Organization","@id":"https://www.cgfl.fr/en/#organization","name":"Centre Georges-François Leclerc","alternateName":"CGFL","url":"https://www.cgfl.fr/en/","logo":{"@type":"ImageObject","inLanguage":"en-US","@id":"https://www.cgfl.fr/en/#/schema/logo/image/","url":"https://www.cgfl.fr/content/uploads/2024/07/logo-cgfl.svg","contentUrl":"https://www.cgfl.fr/content/uploads/2024/07/logo-cgfl.svg","caption":"Centre Georges-François Leclerc"},"image":{"@id":"https://www.cgfl.fr/en/#/schema/logo/image/"},"sameAs":["https://www.facebook.com/CGFLDijon/","https://x.com/CGFL_Dijon","https://fr.linkedin.com/company/centre-georges-francois-leclerc","https://www.youtube.com/channel/UCHKZh_hzGmmLUX7_zIHEeLw"]}]}</script>
<!-- / Yoast SEO plugin. -->

Amet Alix ~ Centre Georges-François Leclerc

Le Docteur Alix Amet, chirurgien des Centres de Lutte Contre le Cancer, fait partie de l’équipe de chirurgie oncologique du [&hellip;]

Centre Georges-François Leclerc

Centre Georges-François Leclerc Dijon

Ensemble, dépassons le cancer
