{"id":33569,"date":"2026-03-04T11:18:46","date_gmt":"2026-03-04T10:18:46","guid":{"rendered":"https:\/\/www.cgfl.fr\/?post_type=offre_emploi&#038;p=33569"},"modified":"2026-03-04T11:26:36","modified_gmt":"2026-03-04T10:26:36","slug":"dieteticien-nutritionniste-confirme-h-f","status":"publish","type":"offre_emploi","link":"https:\/\/www.cgfl.fr\/en\/offre_emploi\/dieteticien-nutritionniste-confirme-h-f\/","title":{"rendered":"Di\u00e9t\u00e9ticien Nutritionniste Confirm\u00e9 H\/F"},"content":{"rendered":"\n<p>Rattach\u00e9(e) au D\u00e9partement des Soins de Support, au sein d\u2019une \u00e9quipe nutrition compos\u00e9e de 4 di\u00e9t\u00e9ticiennes et d\u20191 m\u00e9decin nutritionniste, le(a) candidat(e) aura pour principales missions :<br>\u2713 R\u00e9aliser la prise en charge individualis\u00e9e des patients hospitalis\u00e9s ou en consultation (informer, \u00e9duquer, communiquer)<br>\u2713 Participer aux travaux concernant la di\u00e9t\u00e9tique, la recherche nutritionnelle, la r\u00e9daction de proc\u00e9dure, la formation<br>\u2713 Participer \u00e0 la restructuration de l\u2019activit\u00e9 nutritionnelle avec la mise en place d\u2019une Unit\u00e9 Transversale de Nutrition et d\u2019H\u00f4pitaux de Jour Nutrition et Soins de Support<br>\u2713 Participer \u00e0 la mise en place de sessions d\u2019\u00e9ducation th\u00e9rapeutique<br>\u2713 Participer au CLAN et Inter-CLAN<br>\u2713 \u00c9laborer les diff\u00e9rents menus en collaboration avec le service restauration<br>\u2713 Collaborer avec les prestataires de sant\u00e9 \u00e0 domicile<\/p>\n\n\n\n<p><\/p>\n","protected":false},"featured_media":0,"template":"","categories":[],"class_list":["post-33569","offre_emploi","type-offre_emploi","status-publish","hentry"],"acf":[],"yoast_head":"<!-- This site is optimized with the Yoast SEO plugin v26.1 - https:\/\/yoast.com\/wordpress\/plugins\/seo\/ -->\n<title>Di\u00e9t\u00e9ticien Nutritionniste Confirm\u00e9 H\/F ~ Centre Georges-Fran\u00e7ois Leclerc<\/title>\n<meta name=\"robots\" content=\"index, follow, max-snippet:-1, max-image-preview:large, max-video-preview:-1\" \/>\n<link rel=\"canonical\" href=\"https:\/\/www.cgfl.fr\/en\/offre_emploi\/dieteticien-nutritionniste-confirme-h-f\/\" \/>\n<meta property=\"og:locale\" content=\"en_US\" \/>\n<meta property=\"og:type\" content=\"article\" \/>\n<meta property=\"og:title\" content=\"Di\u00e9t\u00e9ticien Nutritionniste Confirm\u00e9 H\/F ~ Centre Georges-Fran\u00e7ois Leclerc\" \/>\n<meta property=\"og:description\" content=\"Rattach\u00e9(e) au D\u00e9partement des Soins de Support, au sein d\u2019une \u00e9quipe nutrition compos\u00e9e de 4 di\u00e9t\u00e9ticiennes et d\u20191 m\u00e9decin nutritionniste, [&hellip;]\" \/>\n<meta property=\"og:url\" content=\"https:\/\/www.cgfl.fr\/en\/offre_emploi\/dieteticien-nutritionniste-confirme-h-f\/\" \/>\n<meta property=\"og:site_name\" content=\"Centre Georges-Fran\u00e7ois Leclerc\" \/>\n<meta property=\"article:publisher\" content=\"https:\/\/www.facebook.com\/CGFLDijon\/\" \/>\n<meta property=\"article:modified_time\" content=\"2026-03-04T10:26:36+00:00\" \/>\n<meta name=\"twitter:card\" content=\"summary_large_image\" \/>\n<meta name=\"twitter:site\" content=\"@CGFL_Dijon\" \/>\n<meta name=\"twitter:label1\" content=\"Est. reading time\" \/>\n\t<meta name=\"twitter:data1\" content=\"1 minute\" \/>\n<script type=\"application\/ld+json\" class=\"yoast-schema-graph\">{\"@context\":\"https:\/\/schema.org\",\"@graph\":[{\"@type\":\"WebPage\",\"@id\":\"https:\/\/www.cgfl.fr\/en\/offre_emploi\/dieteticien-nutritionniste-confirme-h-f\/\",\"url\":\"https:\/\/www.cgfl.fr\/en\/offre_emploi\/dieteticien-nutritionniste-confirme-h-f\/\",\"name\":\"Di\u00e9t\u00e9ticien Nutritionniste Confirm\u00e9 H\/F ~ Centre Georges-Fran\u00e7ois Leclerc\",\"isPartOf\":{\"@id\":\"https:\/\/www.cgfl.fr\/en\/#website\"},\"datePublished\":\"2026-03-04T10:18:46+00:00\",\"dateModified\":\"2026-03-04T10:26:36+00:00\",\"breadcrumb\":{\"@id\":\"https:\/\/www.cgfl.fr\/en\/offre_emploi\/dieteticien-nutritionniste-confirme-h-f\/#breadcrumb\"},\"inLanguage\":\"en-US\",\"potentialAction\":[{\"@type\":\"ReadAction\",\"target\":[\"https:\/\/www.cgfl.fr\/en\/offre_emploi\/dieteticien-nutritionniste-confirme-h-f\/\"]}]},{\"@type\":\"BreadcrumbList\",\"@id\":\"https:\/\/www.cgfl.fr\/en\/offre_emploi\/dieteticien-nutritionniste-confirme-h-f\/#breadcrumb\",\"itemListElement\":[{\"@type\":\"ListItem\",\"position\":1,\"name\":\"Homepage\",\"item\":\"https:\/\/www.cgfl.fr\/en\/\"},{\"@type\":\"ListItem\",\"position\":2,\"name\":\"Offres d'emploi\",\"item\":\"https:\/\/www.cgfl.fr\/en\/recrutement\/\"},{\"@type\":\"ListItem\",\"position\":3,\"name\":\"Di\u00e9t\u00e9ticien Nutritionniste Confirm\u00e9 H\/F\"}]},{\"@type\":\"WebSite\",\"@id\":\"https:\/\/www.cgfl.fr\/en\/#website\",\"url\":\"https:\/\/www.cgfl.fr\/en\/\",\"name\":\"Centre Georges-Fran\u00e7ois Leclerc Dijon\",\"description\":\"Ensemble, d\u00e9passons le cancer\",\"publisher\":{\"@id\":\"https:\/\/www.cgfl.fr\/en\/#organization\"},\"alternateName\":\"CGFL Dijon\",\"potentialAction\":[{\"@type\":\"SearchAction\",\"target\":{\"@type\":\"EntryPoint\",\"urlTemplate\":\"https:\/\/www.cgfl.fr\/en\/?s={search_term_string}\"},\"query-input\":{\"@type\":\"PropertyValueSpecification\",\"valueRequired\":true,\"valueName\":\"search_term_string\"}}],\"inLanguage\":\"en-US\"},{\"@type\":\"Organization\",\"@id\":\"https:\/\/www.cgfl.fr\/en\/#organization\",\"name\":\"Centre Georges-Fran\u00e7ois Leclerc\",\"alternateName\":\"CGFL\",\"url\":\"https:\/\/www.cgfl.fr\/en\/\",\"logo\":{\"@type\":\"ImageObject\",\"inLanguage\":\"en-US\",\"@id\":\"https:\/\/www.cgfl.fr\/en\/#\/schema\/logo\/image\/\",\"url\":\"https:\/\/www.cgfl.fr\/content\/uploads\/2024\/07\/logo-cgfl.svg\",\"contentUrl\":\"https:\/\/www.cgfl.fr\/content\/uploads\/2024\/07\/logo-cgfl.svg\",\"caption\":\"Centre Georges-Fran\u00e7ois Leclerc\"},\"image\":{\"@id\":\"https:\/\/www.cgfl.fr\/en\/#\/schema\/logo\/image\/\"},\"sameAs\":[\"https:\/\/www.facebook.com\/CGFLDijon\/\",\"https:\/\/x.com\/CGFL_Dijon\",\"https:\/\/fr.linkedin.com\/company\/centre-georges-francois-leclerc\",\"https:\/\/www.youtube.com\/channel\/UCHKZh_hzGmmLUX7_zIHEeLw\"]}]}<\/script>\n<!-- \/ Yoast SEO plugin. -->","yoast_head_json":{"title":"Di\u00e9t\u00e9ticien Nutritionniste Confirm\u00e9 H\/F ~ Centre Georges-Fran\u00e7ois Leclerc","robots":{"index":"index","follow":"follow","max-snippet":"max-snippet:-1","max-image-preview":"max-image-preview:large","max-video-preview":"max-video-preview:-1"},"canonical":"https:\/\/www.cgfl.fr\/en\/offre_emploi\/dieteticien-nutritionniste-confirme-h-f\/","og_locale":"en_US","og_type":"article","og_title":"Di\u00e9t\u00e9ticien Nutritionniste Confirm\u00e9 H\/F ~ Centre Georges-Fran\u00e7ois Leclerc","og_description":"Rattach\u00e9(e) au D\u00e9partement des Soins de Support, au sein d\u2019une \u00e9quipe nutrition compos\u00e9e de 4 di\u00e9t\u00e9ticiennes et d\u20191 m\u00e9decin nutritionniste, [&hellip;]","og_url":"https:\/\/www.cgfl.fr\/en\/offre_emploi\/dieteticien-nutritionniste-confirme-h-f\/","og_site_name":"Centre Georges-Fran\u00e7ois Leclerc","article_publisher":"https:\/\/www.facebook.com\/CGFLDijon\/","article_modified_time":"2026-03-04T10:26:36+00:00","twitter_card":"summary_large_image","twitter_site":"@CGFL_Dijon","twitter_misc":{"Est. reading time":"1 minute"},"schema":{"@context":"https:\/\/schema.org","@graph":[{"@type":"WebPage","@id":"https:\/\/www.cgfl.fr\/en\/offre_emploi\/dieteticien-nutritionniste-confirme-h-f\/","url":"https:\/\/www.cgfl.fr\/en\/offre_emploi\/dieteticien-nutritionniste-confirme-h-f\/","name":"Di\u00e9t\u00e9ticien Nutritionniste Confirm\u00e9 H\/F ~ Centre Georges-Fran\u00e7ois Leclerc","isPartOf":{"@id":"https:\/\/www.cgfl.fr\/en\/#website"},"datePublished":"2026-03-04T10:18:46+00:00","dateModified":"2026-03-04T10:26:36+00:00","breadcrumb":{"@id":"https:\/\/www.cgfl.fr\/en\/offre_emploi\/dieteticien-nutritionniste-confirme-h-f\/#breadcrumb"},"inLanguage":"en-US","potentialAction":[{"@type":"ReadAction","target":["https:\/\/www.cgfl.fr\/en\/offre_emploi\/dieteticien-nutritionniste-confirme-h-f\/"]}]},{"@type":"BreadcrumbList","@id":"https:\/\/www.cgfl.fr\/en\/offre_emploi\/dieteticien-nutritionniste-confirme-h-f\/#breadcrumb","itemListElement":[{"@type":"ListItem","position":1,"name":"Homepage","item":"https:\/\/www.cgfl.fr\/en\/"},{"@type":"ListItem","position":2,"name":"Offres d'emploi","item":"https:\/\/www.cgfl.fr\/en\/recrutement\/"},{"@type":"ListItem","position":3,"name":"Di\u00e9t\u00e9ticien Nutritionniste Confirm\u00e9 H\/F"}]},{"@type":"WebSite","@id":"https:\/\/www.cgfl.fr\/en\/#website","url":"https:\/\/www.cgfl.fr\/en\/","name":"Centre Georges-Fran\u00e7ois Leclerc Dijon","description":"Ensemble, d\u00e9passons le cancer","publisher":{"@id":"https:\/\/www.cgfl.fr\/en\/#organization"},"alternateName":"CGFL Dijon","potentialAction":[{"@type":"SearchAction","target":{"@type":"EntryPoint","urlTemplate":"https:\/\/www.cgfl.fr\/en\/?s={search_term_string}"},"query-input":{"@type":"PropertyValueSpecification","valueRequired":true,"valueName":"search_term_string"}}],"inLanguage":"en-US"},{"@type":"Organization","@id":"https:\/\/www.cgfl.fr\/en\/#organization","name":"Centre Georges-Fran\u00e7ois Leclerc","alternateName":"CGFL","url":"https:\/\/www.cgfl.fr\/en\/","logo":{"@type":"ImageObject","inLanguage":"en-US","@id":"https:\/\/www.cgfl.fr\/en\/#\/schema\/logo\/image\/","url":"https:\/\/www.cgfl.fr\/content\/uploads\/2024\/07\/logo-cgfl.svg","contentUrl":"https:\/\/www.cgfl.fr\/content\/uploads\/2024\/07\/logo-cgfl.svg","caption":"Centre Georges-Fran\u00e7ois Leclerc"},"image":{"@id":"https:\/\/www.cgfl.fr\/en\/#\/schema\/logo\/image\/"},"sameAs":["https:\/\/www.facebook.com\/CGFLDijon\/","https:\/\/x.com\/CGFL_Dijon","https:\/\/fr.linkedin.com\/company\/centre-georges-francois-leclerc","https:\/\/www.youtube.com\/channel\/UCHKZh_hzGmmLUX7_zIHEeLw"]}]}},"post_mailing_queue_ids":[],"_links":{"self":[{"href":"https:\/\/www.cgfl.fr\/en\/wp-json\/wp\/v2\/offre_emploi\/33569","targetHints":{"allow":["GET"]}}],"collection":[{"href":"https:\/\/www.cgfl.fr\/en\/wp-json\/wp\/v2\/offre_emploi"}],"about":[{"href":"https:\/\/www.cgfl.fr\/en\/wp-json\/wp\/v2\/types\/offre_emploi"}],"wp:attachment":[{"href":"https:\/\/www.cgfl.fr\/en\/wp-json\/wp\/v2\/media?parent=33569"}],"wp:term":[{"taxonomy":"category","embeddable":true,"href":"https:\/\/www.cgfl.fr\/en\/wp-json\/wp\/v2\/categories?post=33569"}],"curies":[{"name":"wp","href":"https:\/\/api.w.org\/{rel}","templated":true}]}}

Diététicien Nutritionniste Confirmé H/F

<p>Rattaché(e) au Département des Soins de Support, au sein d’une équipe nutrition composée de 4 diététiciennes et d’1 médecin nutritionniste, le(a) candidat(e) aura pour principales missions :<br>✓ Réaliser la prise en charge individualisée des patients hospitalisés ou en consultation (informer, éduquer, communiquer)<br>✓ Participer aux travaux concernant la diététique, la recherche nutritionnelle, la rédaction de procédure, la formation<br>✓ Participer à la restructuration de l’activité nutritionnelle avec la mise en place d’une Unité Transversale de Nutrition et d’Hôpitaux de Jour Nutrition et Soins de Support<br>✓ Participer à la mise en place de sessions d’éducation thérapeutique<br>✓ Participer au CLAN et Inter-CLAN<br>✓ Élaborer les différents menus en collaboration avec le service restauration<br>✓ Collaborer avec les prestataires de santé à domicile</p>



<p></p>

<!-- This site is optimized with the Yoast SEO plugin v26.1 - https://yoast.com/wordpress/plugins/seo/ -->
<title>Diététicien Nutritionniste Confirmé H/F ~ Centre Georges-François Leclerc</title>
<meta name="robots" content="index, follow, max-snippet:-1, max-image-preview:large, max-video-preview:-1" />
<link rel="canonical" href="https://www.cgfl.fr/en/offre_emploi/dieteticien-nutritionniste-confirme-h-f/" />
<meta property="og:locale" content="en_US" />
<meta property="og:type" content="article" />
<meta property="og:title" content="Diététicien Nutritionniste Confirmé H/F ~ Centre Georges-François Leclerc" />
<meta property="og:description" content="Rattaché(e) au Département des Soins de Support, au sein d’une équipe nutrition composée de 4 diététiciennes et d’1 médecin nutritionniste, [&hellip;]" />
<meta property="og:url" content="https://www.cgfl.fr/en/offre_emploi/dieteticien-nutritionniste-confirme-h-f/" />
<meta property="og:site_name" content="Centre Georges-François Leclerc" />
<meta property="article:publisher" content="https://www.facebook.com/CGFLDijon/" />
<meta property="article:modified_time" content="2026-03-04T10:26:36+00:00" />
<meta name="twitter:card" content="summary_large_image" />
<meta name="twitter:site" content="@CGFL_Dijon" />
<meta name="twitter:label1" content="Est. reading time" />
	<meta name="twitter:data1" content="1 minute" />
<script type="application/ld+json" class="yoast-schema-graph">{"@context":"https://schema.org","@graph":[{"@type":"WebPage","@id":"https://www.cgfl.fr/en/offre_emploi/dieteticien-nutritionniste-confirme-h-f/","url":"https://www.cgfl.fr/en/offre_emploi/dieteticien-nutritionniste-confirme-h-f/","name":"Diététicien Nutritionniste Confirmé H/F ~ Centre Georges-François Leclerc","isPartOf":{"@id":"https://www.cgfl.fr/en/#website"},"datePublished":"2026-03-04T10:18:46+00:00","dateModified":"2026-03-04T10:26:36+00:00","breadcrumb":{"@id":"https://www.cgfl.fr/en/offre_emploi/dieteticien-nutritionniste-confirme-h-f/#breadcrumb"},"inLanguage":"en-US","potentialAction":[{"@type":"ReadAction","target":["https://www.cgfl.fr/en/offre_emploi/dieteticien-nutritionniste-confirme-h-f/"]}]},{"@type":"BreadcrumbList","@id":"https://www.cgfl.fr/en/offre_emploi/dieteticien-nutritionniste-confirme-h-f/#breadcrumb","itemListElement":[{"@type":"ListItem","position":1,"name":"Homepage","item":"https://www.cgfl.fr/en/"},{"@type":"ListItem","position":2,"name":"Offres d'emploi","item":"https://www.cgfl.fr/en/recrutement/"},{"@type":"ListItem","position":3,"name":"Diététicien Nutritionniste Confirmé H/F"}]},{"@type":"WebSite","@id":"https://www.cgfl.fr/en/#website","url":"https://www.cgfl.fr/en/","name":"Centre Georges-François Leclerc Dijon","description":"Ensemble, dépassons le cancer","publisher":{"@id":"https://www.cgfl.fr/en/#organization"},"alternateName":"CGFL Dijon","potentialAction":[{"@type":"SearchAction","target":{"@type":"EntryPoint","urlTemplate":"https://www.cgfl.fr/en/?s={search_term_string}"},"query-input":{"@type":"PropertyValueSpecification","valueRequired":true,"valueName":"search_term_string"}}],"inLanguage":"en-US"},{"@type":"Organization","@id":"https://www.cgfl.fr/en/#organization","name":"Centre Georges-François Leclerc","alternateName":"CGFL","url":"https://www.cgfl.fr/en/","logo":{"@type":"ImageObject","inLanguage":"en-US","@id":"https://www.cgfl.fr/en/#/schema/logo/image/","url":"https://www.cgfl.fr/content/uploads/2024/07/logo-cgfl.svg","contentUrl":"https://www.cgfl.fr/content/uploads/2024/07/logo-cgfl.svg","caption":"Centre Georges-François Leclerc"},"image":{"@id":"https://www.cgfl.fr/en/#/schema/logo/image/"},"sameAs":["https://www.facebook.com/CGFLDijon/","https://x.com/CGFL_Dijon","https://fr.linkedin.com/company/centre-georges-francois-leclerc","https://www.youtube.com/channel/UCHKZh_hzGmmLUX7_zIHEeLw"]}]}</script>
<!-- / Yoast SEO plugin. -->

Diététicien Nutritionniste Confirmé H/F ~ Centre Georges-François Leclerc

Rattaché(e) au Département des Soins de Support, au sein d’une équipe nutrition composée de 4 diététiciennes et d’1 médecin nutritionniste, [&hellip;]

Centre Georges-François Leclerc

Centre Georges-François Leclerc Dijon

Ensemble, dépassons le cancer
